
2, 5, 71, 25889
List the prime factors of 1050275.
5, 43, 977
What are the prime factors of 33870?
2, 3, 5, 1129
What are the prime factors of 129042?
2, 3, 67, 107
What are the prime factors of 1087659?
3, 120851
What are the prime factors of 229517?
17, 23, 587
What are the prime factors of 1478518?
2, 61, 12119
What are the prime factors of 17073032?
2, 17, 47, 2671
What are the prime factors of 20844?
2, 3, 193
List the prime factors of 778335.
3, 5, 19, 2731
What are the prime factors of 6300638?
2, 3150319
List the prime factors of 819342.
2, 3, 15173
What are the prime factors of 734241?
3, 244747
What are the prime factors of 2392237?
61, 39217
List the prime factors of 359619.
3, 13, 9221
What are the prime factors of 20310186?
2, 3, 13, 260387
List the prime factors of 30836.
2, 13, 593
List the prime factors of 293120.
2, 5, 229
List the prime factors of 542152.
2, 13, 401
List the prime factors of 3139234.
2, 7, 103, 311
What are the prime factors of 461273?
461273
What are the prime factors of 724589?
293, 2473
What are the prime factors of 5536?
2, 173
List the prime factors of 75373.
19, 3967
List the prime factors of 2656784.
2, 13, 53, 241
What are the prime factors of 161629?
13, 12433
What are the prime factors of 302476?
2, 75619
List the prime factors of 4134560.
2, 5, 25841
What are the prime factors of 659529?
3, 13, 1879
List the prime factors of 2930751.
3, 43, 7573
List the prime factors of 4237940.
2, 5, 7, 30271
What are the prime factors of 2132186?
2, 7, 21757
List the prime factors of 1366587.
3, 317, 479
List the prime factors of 193347.
3, 7, 11, 31
List the prime factors of 226922.
2, 83, 1367
List the prime factors of 161280.
2, 3, 5, 7
List the prime factors of 234746.
2, 117373
List the prime factors of 5676584.
2, 23, 30851
What are the prime factors of 1244109?
3, 414703
What are the prime factors of 1872861?
3, 53, 11779
List the prime factors of 5113576.
2, 13, 49169
List the prime factors of 323728.
2, 20233
List the prime factors of 34257836.
2, 19, 450761
What are the prime factors of 84102?
2, 3, 107, 131
What are the prime factors of 188860?
2, 5, 7, 19, 71
List the prime factors of 8809608.
2, 3, 593, 619
What are the prime factors of 45952?
2, 359
What are the prime factors of 1869375?
3, 5, 997
List the prime factors of 10867054.
2, 11, 29, 17033
List the prime factors of 2602810.
2, 5, 7, 19, 103
What are the prime factors of 2952158?
2, 11, 1109
What are the prime factors of 2778777?
3, 283, 1091
List the prime factors of 3970356.
2, 3, 13, 31, 821
What are the prime factors of 1261533?
3, 7, 13, 4621
List the prime factors of 1017446.
2, 163, 3121
List the prime factors of 252543.
3, 84181
What are the prime factors of 3038090?
2, 5, 11, 71, 389
List the prime factors of 292699.
11, 41, 59
What are the prime factors of 3691589?
11, 30509
List the prime factors of 525440.
2, 5, 821
What are the prime factors of 145694?
2, 97, 751
What are the prime factors of 13207413?
3, 19, 231709
List the prime factors of 967194.
2, 3, 17911
What are the prime factors of 3459989?
13, 266153
What are the prime factors of 7419001?
353, 21017
What are the prime factors of 460288?
2, 29, 31
What are the prime factors of 896007?
3, 7, 42667
List the prime factors of 297534.
2, 3, 17, 2917
What are the prime factors of 1396700?
2, 5, 13967
List the prime factors of 393802.
2, 196901
List the prime factors of 7961066.
2, 17, 234149
List the prime factors of 225769.
225769
List the prime factors of 260993.
359, 727
List the prime factors of 3392526.
2, 3, 19, 29759
List the prime factors of 241308.
2, 3, 6703
List the prime factors of 45701.
23, 1987
List the prime factors of 64007.
64007
What are the prime factors of 1065679?
17, 62687
What are the prime factors of 8583376?
2, 536461
What are the prime factors of 6358290?
2, 3, 5, 211943
What are the prime factors of 4920321?
3, 7, 23, 61, 167
List the prime factors of 125724.
2, 3, 10477
List the prime factors of 1627745.
5, 7, 46507
What are the prime factors of 306738?
2, 3, 17041
List the prime factors of 489732.
2, 3, 37, 1103
List the prime factors of 1267234.
2, 109, 5813
What are the prime factors of 60001?
29, 2069
List the prime factors of 175067.
175067
List the prime factors of 162890.
2, 5, 7, 13, 179
List the prime factors of 198080.
2, 5, 619
List the prime factors of 12524863.
13, 109, 8839
List the prime factors of 4358213.
1597, 2729
What are the prime factors of 1195963?
613, 1951
What are the prime factors of 3551926?
2, 7, 37, 6857
What are the prime factors of 36929656?
2, 71, 79, 823
List the prime factors of 4486105.
5, 13, 5309
What are the prime factors of 3675938?
2, 7, 262567
List the prime factors of 13736142.
2, 3, 7, 12113
What are the prime factors of 12846586?
2, 31, 383, 541
List the prime factors of 135702.
2, 3, 7, 359
What are the prime factors of 443472?
2, 3, 9239
List the prime factors of 290235.
3, 5, 11, 1759
List the prime factors of 13146552.
2, 3, 157, 1163
List the prime factors of 119296.
2, 233
List the prime factors of 258785.
5, 73, 709
What are the prime factors of 217289?
151, 1439
List the prime factors of 1276642.
2, 31, 59, 349
What are the prime factors of 6282494?
2, 3141247
List the prime factors of 257697.
3, 11, 19, 137
List the prime factors of 31175473.
7, 43, 103573
List the prime factors of 30979922.
2, 199, 77839
What are the prime factors of 12672334?
2, 6336167
List the prime factors of 69814.
2, 67, 521
What are the prime factors of 670935?
3, 5, 44729
What are the prime factors of 37412?
2, 47, 199
What are the prime factors of 2762603?
181, 15263
List the prime factors of 102843.
3, 13, 293
List the prime factors of 19189366.
2, 7, 1370669
What are the prime factors of 1499841?
3, 7, 19, 179
What are the prime factors of 5707984?
2, 356749
What are the prime factors of 2587352?
2, 323419
What are the prime factors of 241193?
29, 8317
What are the prime factors of 20450127?
3, 137, 49757
List the prime factors of 629734.
2, 7, 31, 1451
What are the prime factors of 27074191?
31, 433, 2017
What are the prime factors of 3087076?
2, 771769
What are the prime factors of 719739?
3, 19, 23, 61
What are the prime factors of 5052841?
19, 73, 3643
List the prime factors of 764480.
2, 5, 2389
What are the prime factors of 886644?
2, 3, 11, 2239
List the prime factors of 6187498.
2, 29, 106681
What are the prime factors of 294719?
199, 1481
List the prime factors of 646426.
2, 11, 29383
List the prime factors of 2169336.
2, 3, 13, 17, 409
What are the prime factors of 314687?
17, 107, 173
List the prime factors of 179221.
7, 25603
List the prime factors of 2573918.
2, 1286959
What are the prime factors of 307419?
3, 7, 14639
List the prime factors of 167124.
2, 3, 19, 733
What are the prime factors of 5480448?
2, 3, 223
List the prime factors of 337006.
2, 167, 1009
What are the prime factors of 569520?
2, 3, 5, 7, 113
List the prime factors of 1034401.
29, 53, 673
What are the prime factors of 5993067?
3, 61, 32749
List the prime factors of 942151.
7, 134593
List the prime factors of 1853141.
83, 269
List the prime factors of 1093132.
2, 273283
List the prime factors of 89204.
2, 29, 769
What are the prime factors of 671482?
2, 7, 47963
List the prime factors of 3044708.
2, 761177
What are the prime factors of 290413?
37, 47, 167
List the prime factors of 102996.
2, 3, 2861
What are the prime factors of 121001?
121001
List the prime factors of 540031.
653, 827
What are the prime factors of 13192501?
7, 23, 67, 1223
List the prime factors of 1549324.
2, 7, 55333
What are the prime factors of 2407065?
3, 5, 23, 6977
What are the prime factors of 4113909?
3, 50789
List the prime factors of 4606407.
3, 13, 39371
List the prime factors of 901602.
2, 3, 13, 3853
What are the prime factors of 4990358?
2, 173, 14423
List the prime factors of 10745346.
2, 3, 83, 21577
List the prime factors of 4641246.
2, 3, 61, 1409
What are the prime factors of 1197155?
5, 239431
What are the prime factors of 3472515?
3, 5, 77167
List the prime factors of 7327238.
2, 17, 215507
List the prime factors of 452459.
7, 109, 593
List the prime factors of 110712.
2, 3, 7, 659
What are the prime factors of 4052186?
2, 23, 137, 643
